 1. Let k(b) = -b**2 + 16*b + 1. Let n be k(16). Give a(n).
6
Let r(y) be the second derivative of -y**5/60 - y**4/6 - 2*y**3/3 - 4*y. Let i(j) be the second derivative of r(j). Give i(-4).
4
Let v(b) be the second derivative of -1/2*b**2 + 4/3*b**3 + 1/2*b**4 - 7*b + 0 - 1/20*b**5. Calculate v(7).
6
Let o(c) = c**3 + 4*c**2 + c + 5. Suppose -i = 8*i + 36. Determine o(i).
1
Let h(y) = -y**3 + 7*y**2 - 7*y + 9. Let x = -5 + 5. Suppose -3*d + 2*o + 8 = x, 3*o = 4*d + 2*o - 19. Give h(d).
3
Suppose -2*a - 12 = -5*i, 6*i - 16 = 3*i - a. Let m(w) = -5 + 3*w**2 + w**3 + 1 - 2*w**3 + 6*w. Determine m(i).
4
Let t(b) = -8*b**2 + 0 + 0. Suppose -4*q = -2*q - 4*a - 10, -3*q = 3*a + 12. Determine t(q).
-8
Let t be (2/8)/(13/364). Let n(h) = 2*h**2 - 10*h - 1. Determine n(t).
27
Let d be 7 - (1 + 2 + -3). Let s(m) = -m**2 + 6*m + 9. Let r be s(d). Let a be ((-4)/(-1))/r - 2. Let g(h) = h + 3. What is g(a)?
3
Let h = 54 - 36. Let a = 24 - h. Let k(v) = -v**3 + 7*v**2 - 7*v - 2. Calculate k(a).
-8
Let b(h) = -h - 5. Let l be b(-5). Let c(i) = -i**3 - i - 7. What is c(l)?
-7
Let g(k) = 1 + 9*k**2 - 1 + 1 + 8*k**2. Determine g(-1).
18
Let a(m) be the first derivative of -m**4/4 + 4*m**3/3 - 3*m**2/2 - 3*m - 4. Let w be a(3). Let t be (-5)/(-2) - w/6. Let x(k) = k**2 - 3*k - 3. Give x(t).
-3
Let t(m) = 0 - 1 + 2 + 3*m - 5*m. Suppose -5*r + 15 = 3*o - 7, -22 = -5*o - r. What is t(o)?
-7
Let j(c) be the first derivative of -c**5/20 + c**4/6 + 5*c**3/6 + c**2 - 5*c - 5. Let s(b) be the first derivative of j(b). What is s(4)?
-10
Let f(v) = v - 1. Let s(t) = -26*t + 1. Let m(n) = -2*f(n) - s(n). Give m(-1).
-23
Let o(h) = h + 1. Let f = 4 + -10. Calculate o(f).
-5
Let s(j) be the third derivative of 0 - 1/10*j**5 - 1/120*j**6 + 2*j**2 + 1/12*j**4 + j**3 + 0*j. Let t = 0 - 6. Determine s(t).
-6
Let q(a) be the third derivative of -a**7/840 + a**6/360 - a**4/24 - a**3/6 + 7*a**2. Let i(g) be the first derivative of q(g). Give i(1).
-1
Let s(o) be the first derivative of -o**2/2 + 2*o + 2. Suppose 2*z = 2*l - 3*l + 2, 5*z = -5. Give s(l).
-2
Let l(o) be the third derivative of 2*o**3/3 - 3*o**2. Let g = 18 - 9. Let w(h) = -h + 16. Let u(b) = g*l(b) - 2*w(b). What is u(-3)?
-2
Let d(p) = 2*p**3 + 2*p**2 - p + 1. Let n(m) = -m**3 - m**2 + m - 1. Let b(x) = -2*d(x) - 3*n(x). Let r(o) be the first derivative of b(o). Determine r(-1).
-2
Let x(p) be the second derivative of -p**4/12 + 2*p**3/3 + 5*p**2/2 + 2*p + 15. Give x(5).
0
Let f be 6/(-15) + (-12)/(-5). Let a(u) = 0 - 1 + 0*u - 4*u. Determine a(f).
-9
Let n(r) = 3*r**2 + r - 2. Suppose 2*j + f + 5 - 1 = 0, 0 = 5*f. Calculate n(j).
8
Let z(q) = -q**2 + 4*q + 1. Suppose 2*u = -5*b - 17, 7 - 2 = -b. What is z(u)?
1
Suppose -6*r + 12 = -2*r. Let p(f) = -f**3 + 4*f**2 - 3*f + 2. Let c be p(r). Let g(h) = 0*h + 4*h + 1 - h**c - 4*h. What is g(-2)?
-3
Let q(g) = -g - 8. Let l(i) = 3*i + 1. Let t be l(1). Suppose -w = -t*w. What is q(w)?
-8
Let o(r) = -4*r**2 - 1 + 4*r**2 - 4*r**2 + 5*r**2. Calculate o(0).
-1
Let o(c) = c - 1. Let t(x) = x**3 + x**2 - 2*x - 2. Let v(y) = o(y) - t(y). Let a(z) = -3*z + 1. Let q be a(1). Give v(q).
-1
Suppose 0 = -0*h + 5*h - 45. Let w be (0 - h)/((-3)/2). Let v(i) = -i**3 + 5*i**2 + 8*i - 9. Calculate v(w).
3
Let j(x) = 5 + 0 - 2 - 2*x - 5 - 2*x**2. Let r(h) = -h**3 + 5*h**2 - 2. Suppose -a + 5*a - 20 = 0. Let g be r(a). Determine j(g).
-6
Suppose f = 2*f - 3. Let z be 26/22 - 4/22. Let m(b) = 8*b**2 - 4*b - 5. Let n(j) = -j**2 + 1. Let t(w) = z*m(w) + 6*n(w). Give t(f).
7
Suppose 0*l + 16 = -4*l. Let a(i) be the first derivative of 1/2*i**2 + 0*i - 2. Determine a(l).
-4
Let o = -6 - -4. Let v be (0 + o)/((-5)/15). Let k(q) = -2*q - 3. Let y(d) = -3*d - 6. Let z(r) = -10*k(r) + 6*y(r). Calculate z(v).
6
Let q be 2/(-7) - (-2)/7. Suppose q*b - b = 0. Let j(o) be the third derivative of o**5/60 - o**4/24 + 7*o**3/6 + o**2. What is j(b)?
7
Let j(p) = 4 + 11*p**2 - 2*p**2 + 0*p**2 + p**3 - p**2 + 8*p. What is j(-7)?
-3
Let x be (-1 + 3)*(-4)/(-8). Suppose 0*k - k = -x. Let v(l) = 2*l + 1. What is v(k)?
3
Let o be (20/16)/(3/12). Let c(f) = f**3 - 5*f**2 - 3*f + 1. Determine c(o).
-14
Suppose 5*p - 118 = -4*y, 145 = 4*y - 4*p + 45. Let n(v) = -3 - 25*v + y*v + 8. What is n(4)?
13
Let w(k) = k**2 - 8*k + 3. Suppose -z = -2*b - 2*z + 5, 0 = -b - 4*z - 1. Determine w(b).
-12
Suppose 6*g = 2*g. Let u(k) = -2 + 0 + g*k - k + 2*k. What is u(0)?
-2
Let x = 14 - 14. Suppose -5*r + 7*r - 10 = x. Let q(d) = -d**2 + 3*d + 7. Calculate q(r).
-3
Suppose -10*q + 41 - 1 = 0. Let f(a) be the first derivative of -3*a + 5/3*a**3 - 1 - 1/4*a**4 - 2*a**2. Give f(q).
-3
Let s(h) = 3*h**2 + 2*h - 2. Suppose -10 = 8*g - 3*g. What is s(g)?
6
Suppose l = -2*l. Suppose l + 15 = 5*r. Let d(s) = 1 + 2*s**3 + 0 + 2*s**2 - 6*s**r - 2*s + 0*s. Give d(1).
-3
Let n(y) be the first derivative of 1/3*y**3 + 8*y + 7/2*y**2 + 7. Calculate n(-6).
2
Let o(h) = h**2 + 3*h - 7. Suppose -6*n - 30 = -11*n. Let w = n + -11. Determine o(w).
3
Let s = -2 + 6. Let d(u) = -5 + 2*u**3 - u - u**3 + s + 8 - 5*u**2. Give d(5).
2
Suppose -3 = 5*u - 5*l - 23, 0 = 4*u + 3*l - 23. Let h be 1 + (u + 0 - 2). Let j(n) = n**2 - 2*n. What is j(h)?
8
Let y(t) = -4*t - 5. Let w(d) = 3*d + 4. Let b(s) = -5*w(s) - 4*y(s). Suppose -h + 3*h + 68 = 5*m, 3*h - 45 = -3*m. Let j be 2/(-7) + 4/m. Calculate b(j).
0
Let w(a) = -a**3 + 3*a**2 + 3*a - 2. Let r(c) = c**3 + c**2 + 3. Let p be r(0). Give w(p).
7
Let g(j) = -3*j + 5. Let h = -11 - -12. Let d = 6 - h. Give g(d).
-10
Let n(m) = -m**2 + 3*m. Suppose 4 - 28 = -2*r. Suppose -2*o + r = o. Let h be n(o). Let s(x) = x - 2. Determine s(h).
-6
Let j(f) = -2*f**2 + f**2 + 7 + 5*f - 3*f. Let u(d) = d - 14. Let a be u(19). Give j(a).
-8
Let b(i) be the third derivative of -1/24*i**4 + 1/20*i**5 + 0 + 0*i - 1/60*i**6 - 1/6*i**3 - 6*i**2. Calculate b(2).
-7
Let u(s) be the third derivative of -s**6/120 + 2*s**5/15 - 7*s**4/24 + 10*s**2. What is u(7)?
0
Let z(m) be the second derivative of -m**3/3 + 2*m. Suppose 2*u = -0 - 2. Calculate z(u).
2
Let l(t) = 1. Let h(a) = -15 - 4 + 6 + a - 2*a. Let c(j) = -h(j) - 4*l(j). Determine c(0).
9
Let a be (1 + -2 - -3) + 2. Let s(p) = -6*p - 5 - p + 2*p - p**2 + 2*p**2. Determine s(a).
-9
Let m(s) = -s - 2. Let z be ((-4)/(-5))/((-24)/(-60)). Give m(z).
-4
Let x(m) be the third derivative of m**4/8 + m**3/6 + 25*m**2. Suppose 0*w - 3 = -3*w. Determine x(w).
4
Let h(r) = r**3 - 3*r**2 + 7*r - 6. Let z(o) = -o**3 + 3*o**2 - 6*o + 5. Let j(p) = 6*h(p) + 7*z(p). Let f be (2 + 1)*8/12. What is j(f)?
3
Let c(f) = -f**2 - 6*f - 3. Let q be 0 + -2 - -2*2. Suppose 3*t - 5*v = q, 0 + 4 = 2*v. Let l(o) = o**2 - 5*o. Let s be l(t). Give c(s).
5
Suppose 4*y + 0*y - 12 = 0. Suppose 4*n - 18 = -y*s, -n + s = -3 - 5. Let o(b) = b**3 - 6*b**2 - 5. Determine o(n).
-5
Let y(g) be the third derivative of g**6/120 - 3*g**5/20 + g**4/3 + g**3/2 + g**2 + 9*g. Suppose 2*t - t = 8. Calculate y(t).
3
Let j = 15 + -11. Let w(k) = j + 0*k + k + 0. Determine w(-4).
0
Suppose 3*s = 4*q - 28 - 103, 4*s = -5*q + 125. Let o(c) = 25*c - 52*c + q*c. Calculate o(1).
2
Suppose 0 + 8 = 4*u. Let z(b) = -b + 3 - b + 7*b + 2*b**u. Let t = 4 + -7. Calculate z(t).
6
Let c(n) = 11*n - 6 - 8*n - 6*n. Let w(x) = 2*x + 3. Let p(d) = 2*c(d) + 5*w(d). What is p(-3)?
-9
Let h(y) = y**3 + 6*y**2 - 7*y - 4. Let i be 21*(5/3)/(-5). Give h(i).
-4
Let j(k) = 12*k - 3 - 2 - 11*k. Determine j(5).
0
Suppose -12*b = -8*b. Suppose 6 = -b*d + 3*d. Let m(q) = 6*q - 2. Determine m(d).
10
Let b(h) = -5*h - 5. Let n(t) = 4*t + 5. Let g(y) = -5*b(y) - 6*n(y). Give g(0).
-5
Let x(a) = -a**2 + 5*a - 4. Let f be x(4). Let l(v) = -1 + 3*v + f*v + 4 - v**2. Determine l(4).
-1
Let r(n) = 5*n**3 - 5*n - 5. Suppose 5*h - 56 + 11 = 0. Let i(d) = 11*d**3 + d**2 - 11*d - 11. Let s(l) = h*r(l) - 4*i(l). Determine s(4).
-5
Let b(n) = -n - 6. Let t(y) = -2*y - 11. Let i(p) = -5*b(p) + 3*t(p). Suppose -11 = 4*u + 17. Determine i(u).
4
Let f(b) = -2*b + 1. Let v(g) = -g**2 + 10*g + 3. Let o be v(10). Let p be (-8 - -2)*(-2)/o. Give f(p).
-7
Let n = -18 - -13. Let a(f) = 4*f + 7. Give a(n).
-13
Let g(a) = -5 + 0*a**3 - 6*a**2 + 3*a + 3*a**3 + 0*a**3 - 2*a. Let f(s) = s**3 + 1. Let p(r) = -2*f(r) + g(r). Determine p(6).
-1
Let u(o) = -o**3 + 4*o**2 + 6*o - 2. Let 